{"id":22994408,"date":"2023-06-19T17:20:12","date_gmt":"2023-06-19T15:20:12","guid":{"rendered":"https:\/\/pelichet.wow-digital.com\/kostenvoranschlag\/"},"modified":"2024-05-21T15:29:28","modified_gmt":"2024-05-21T13:29:28","slug":"kostenvoranschlag","status":"publish","type":"page","link":"https:\/\/staging.pelichet.ch\/de\/kostenvoranschlag\/","title":{"rendered":"Kostenvoranschlag"},"content":{"rendered":"<p>[et_pb_section fb_built=&#8220;1&#8243; admin_label=&#8220;Hero&#8220; _builder_version=&#8220;4.21.0&#8243; _module_preset=&#8220;986f8486-ddc7-4189-8528-73b7d2f73652&#8243; background_image=&#8220;https:\/\/staging.pelichet-relocation.com\/wp-content\/uploads\/2023\/07\/PELICHET-ACCUEIL-1.jpg&#8220; background_enable_video_mp4=&#8220;off&#8220; global_colors_info=&#8220;{}&#8220;][\/et_pb_section][et_pb_section fb_built=&#8220;1&#8243; admin_label=&#8220;Form&#8220; _builder_version=&#8220;4.21.0&#8243; _module_preset=&#8220;default&#8220; global_colors_info=&#8220;{}&#8220;][et_pb_row column_structure=&#8220;1_2,1_2&#8243; _builder_version=&#8220;4.21.0&#8243; _module_preset=&#8220;default&#8220; custom_padding=&#8220;0px||0px||true|false&#8220; global_colors_info=&#8220;{}&#8220;][et_pb_column type=&#8220;1_2&#8243; _builder_version=&#8220;4.21.0&#8243; _module_preset=&#8220;default&#8220; global_colors_info=&#8220;{}&#8220;][et_pb_text _builder_version=&#8220;4.21.0&#8243; _module_preset=&#8220;default&#8220; header_font_size=&#8220;2.81em&#8220; max_width=&#8220;600px&#8220; custom_margin=&#8220;||24px||false|false&#8220; header_font_size_tablet=&#8220;2.81em&#8220; header_font_size_phone=&#8220;2em&#8220; header_line_height_tablet=&#8220;&#8220; header_line_height_phone=&#8220;1.4em&#8220; header_line_height_last_edited=&#8220;on|phone&#8220; header_2_font_size_tablet=&#8220;&#8220; header_2_font_size_phone=&#8220;&#8220; header_2_font_size_last_edited=&#8220;on|desktop&#8220; module_alignment_tablet=&#8220;center&#8220; module_alignment_phone=&#8220;center&#8220; module_alignment_last_edited=&#8220;on|tablet&#8220; global_colors_info=&#8220;{}&#8220;]<\/p>\n<h1>Kontaktieren Sie die Pelichet Gruppe<\/h1>\n<p>[\/et_pb_text][et_pb_text _builder_version=&#8220;4.21.0&#8243; _module_preset=&#8220;default&#8220; max_width=&#8220;600px&#8220; module_alignment_tablet=&#8220;center&#8220; module_alignment_phone=&#8220;center&#8220; module_alignment_last_edited=&#8220;on|tablet&#8220; global_colors_info=&#8220;{}&#8220;]<\/p>\n<p>Unsere Expertenteams begleiten und beraten Sie in jeder Phase Ihres internationalen oder nationalen Umzugs. Wir arbeiten mit Unternehmen, Privatpersonen und internationalen Organisationen gleichermassen. Von Ihren pers\u00f6nlichen Gegenst\u00e4nden \u00fcber Ihre Fahrzeuge bis hin zu Ihren B\u00fcros oder Industrieanlagen &#8211; Pelichet hat eine L\u00f6sung f\u00fcr Sie, speziell f\u00fcr Sie.<\/p>\n<p>[\/et_pb_text][et_pb_blurb title=&#8220;Firmensitz&#8220; _builder_version=&#8220;4.21.0&#8243; _module_preset=&#8220;default&#8220; header_font_size=&#8220;1.5em&#8220; header_line_height=&#8220;1.38em&#8220; body_text_color=&#8220;#333333&#8243; body_font_size=&#8220;1em&#8220; body_line_height=&#8220;1.71em&#8220; body_link_text_color=&#8220;#333333&#8243; background_color=&#8220;#F2F2F2&#8243; max_width=&#8220;600px&#8220; module_alignment=&#8220;left&#8220; custom_margin=&#8220;||||false|false&#8220; custom_padding=&#8220;30px|40px|30px|40px|true|true&#8220; custom_padding_tablet=&#8220;||||true|true&#8220; custom_padding_phone=&#8220;|30px||30px|true|true&#8220; custom_padding_last_edited=&#8220;on|phone&#8220; animation_style=&#8220;fade&#8220; module_alignment_tablet=&#8220;center&#8220; module_alignment_phone=&#8220;center&#8220; module_alignment_last_edited=&#8220;on|desktop&#8220; custom_css_blurb_title=&#8220;margin-bottom: 8px;&#8220; border_radii=&#8220;on|8px|8px|8px|8px&#8220; global_colors_info=&#8220;{}&#8220; body_link_text_color__hover_enabled=&#8220;on|hover&#8220; body_link_text_color__hover=&#8220;&#8220;]<\/p>\n<p>Pelichet NLC SA<br \/>Chemin de Grenet 25<br \/>CH 1214 Vernier Schweiz<br \/>Tel : <a href=\"tel:+41228278000\">+41 22 827 80 00<\/a><br \/>Fax : <a href=\"tel:+41228230818\">+41 22 823 08 18<\/a><\/p>\n<p>[\/et_pb_blurb][\/et_pb_column][et_pb_column type=&#8220;1_2&#8243; _builder_version=&#8220;4.21.0&#8243; _module_preset=&#8220;default&#8220; custom_padding_tablet=&#8220;24px||||false|false&#8220; custom_padding_phone=&#8220;24px||||false|false&#8220; custom_padding_last_edited=&#8220;on|tablet&#8220; global_colors_info=&#8220;{}&#8220;][dvppl_cf7_styler _builder_version=&#8220;4.25.0&#8243; _module_preset=&#8220;08db5ee5-7b63-4366-9520-af59247bceaf&#8220; cf7=&#8220;22995748&#8243; hover_enabled=&#8220;0&#8243; sticky_enabled=&#8220;0&#8243; admin_label=&#8220;Form A &#8211; Original &#8211; quote_request&#8220;][\/dvppl_cf7_styler][\/et_pb_column][\/et_pb_row][\/et_pb_section][et_pb_section fb_built=&#8220;1&#8243; admin_label=&#8220;Agencies&#8220; _builder_version=&#8220;4.21.0&#8243; _module_preset=&#8220;default&#8220; background_color=&#8220;#F2F2F2&#8243; global_module=&#8220;22991330&#8243; global_colors_info=&#8220;{}&#8220;][et_pb_row _builder_version=&#8220;4.21.0&#8243; _module_preset=&#8220;default&#8220; custom_margin=&#8220;||||false|false&#8220; custom_padding=&#8220;0px||||false|false&#8220; global_colors_info=&#8220;{}&#8220;][et_pb_column type=&#8220;4_4&#8243; _builder_version=&#8220;4.21.0&#8243; _module_preset=&#8220;default&#8220; global_colors_info=&#8220;{}&#8220;][et_pb_text _builder_version=&#8220;4.21.0&#8243; _module_preset=&#8220;c03424a2-92b0-4db6-9fa7-e5acc8ed924d&#8220; max_width=&#8220;600px&#8220; module_alignment=&#8220;center&#8220; animation_style=&#8220;fade&#8220; global_colors_info=&#8220;{}&#8220;]<\/p>\n<h2 style=\"text-align: center;\">Finden Sie alle unsere Agenturen<\/h2>\n<p>[\/et_pb_text][dipi_carousel container_padding=&#8220;0px||0px||true|false&#8220; show_lightbox=&#8220;off&#8220; navigation=&#8220;on&#8220; dynamic_bullets=&#8220;off&#8220; navigation_prev_icon_yn=&#8220;on&#8220; navigation_prev_icon=&#8220;&#xf104;||fa||900&#8243; navigation_next_icon_yn=&#8220;on&#8220; navigation_next_icon=&#8220;&#xf105;||fa||900&#8243; navigation_color=&#8220;#000000&#8243; navigation_bg_color=&#8220;#FFFFFF&#8220; navigation_circle=&#8220;on&#8220; navigation_position_left=&#8220;-30px&#8220; navigation_position_right=&#8220;-20px&#8220; columns_tablet=&#8220;2&#8243; columns_phone=&#8220;1&#8243; columns_last_edited=&#8220;on|desktop&#8220; navigation_position_left_tablet=&#8220;-20px&#8220; navigation_position_left_phone=&#8220;-20px&#8220; navigation_position_left_last_edited=&#8220;on|phone&#8220; _builder_version=&#8220;4.21.0&#8243; _module_preset=&#8220;default&#8220; animation_style=&#8220;fade&#8220; custom_css_navigation=&#8220;box-shadow: 0 5px 30px #00000020;&#8220; global_colors_info=&#8220;{}&#8220; navigation_color__hover_enabled=&#8220;on|hover&#8220; navigation_color__hover=&#8220;#F27C21&#8243;][dipi_carousel_child label=&#8220;Pelichet NLC SA&#8220; type=&#8220;divi_library&#8220; divi_library_id=&#8220;22991168&#8243; _builder_version=&#8220;4.21.0&#8243; _module_preset=&#8220;default&#8220; custom_padding=&#8220;||||true|true&#8220; global_colors_info=&#8220;{}&#8220;][\/dipi_carousel_child][dipi_carousel_child label=&#8220;Pelichet Paris&#8220; type=&#8220;divi_library&#8220; divi_library_id=&#8220;22992951&#8243; _builder_version=&#8220;4.21.0&#8243; _module_preset=&#8220;default&#8220; custom_padding=&#8220;||||true|true&#8220; global_colors_info=&#8220;{}&#8220;][\/dipi_carousel_child][dipi_carousel_child label=&#8220;Pelichet Orbe&#8220; type=&#8220;divi_library&#8220; divi_library_id=&#8220;22993431&#8243; _builder_version=&#8220;4.21.0&#8243; _module_preset=&#8220;default&#8220; custom_padding=&#8220;||||true|true&#8220; global_colors_info=&#8220;{}&#8220;][\/dipi_carousel_child][dipi_carousel_child label=&#8220;Pelichet Archivage&#8220; type=&#8220;divi_library&#8220; divi_library_id=&#8220;22992969&#8243; _builder_version=&#8220;4.21.0&#8243; _module_preset=&#8220;default&#8220; custom_padding=&#8220;||||true|true&#8220; global_colors_info=&#8220;{}&#8220;][\/dipi_carousel_child][dipi_carousel_child label=&#8220;Pelichet Logistique&#8220; type=&#8220;divi_library&#8220; divi_library_id=&#8220;22992978&#8243; _builder_version=&#8220;4.21.0&#8243; _module_preset=&#8220;default&#8220; custom_padding=&#8220;||||true|true&#8220; global_colors_info=&#8220;{}&#8220;][\/dipi_carousel_child][dipi_carousel_child label=&#8220;Pelichet Patrimonial&#8220; type=&#8220;divi_library&#8220; divi_library_id=&#8220;22992973&#8243; _builder_version=&#8220;4.21.0&#8243; _module_preset=&#8220;default&#8220; custom_padding=&#8220;||||true|true&#8220; global_colors_info=&#8220;{}&#8220;][\/dipi_carousel_child][dipi_carousel_child label=&#8220;Pelichet Garde-meubles&#8220; type=&#8220;divi_library&#8220; divi_library_id=&#8220;22993421&#8243; _builder_version=&#8220;4.21.0&#8243; _module_preset=&#8220;default&#8220; custom_padding=&#8220;||||true|true&#8220; global_colors_info=&#8220;{}&#8220;][\/dipi_carousel_child][\/dipi_carousel][\/et_pb_column][\/et_pb_row][\/et_pb_section]<\/p>\n","protected":false},"excerpt":{"rendered":"<p>Kontaktieren Sie die Pelichet GruppeUnsere Expertenteams begleiten und beraten Sie in jeder Phase Ihres internationalen oder nationalen Umzugs. Wir arbeiten mit Unternehmen, Privatpersonen und internationalen Organisationen gleichermassen. Von Ihren pers\u00f6nlichen Gegenst\u00e4nden \u00fcber Ihre Fahrzeuge bis hin zu Ihren B\u00fcros oder Industrieanlagen &#8211; Pelichet hat eine L\u00f6sung f\u00fcr Sie, speziell f\u00fcr Sie.Pelichet NLC SAChemin de Grenet [&hellip;]<\/p>\n","protected":false},"author":14,"featured_media":0,"parent":0,"menu_order":0,"comment_status":"closed","ping_status":"closed","template":"","meta":{"_et_pb_use_builder":"on","_et_pb_old_content":"","_et_gb_content_width":"","footnotes":""},"dipi_cpt_category":[],"class_list":["post-22994408","page","type-page","status-publish","hentry"],"_links":{"self":[{"href":"https:\/\/staging.pelichet.ch\/de\/wp-json\/wp\/v2\/pages\/22994408","targetHints":{"allow":["GET"]}}],"collection":[{"href":"https:\/\/staging.pelichet.ch\/de\/wp-json\/wp\/v2\/pages"}],"about":[{"href":"https:\/\/staging.pelichet.ch\/de\/wp-json\/wp\/v2\/types\/page"}],"author":[{"embeddable":true,"href":"https:\/\/staging.pelichet.ch\/de\/wp-json\/wp\/v2\/users\/14"}],"replies":[{"embeddable":true,"href":"https:\/\/staging.pelichet.ch\/de\/wp-json\/wp\/v2\/comments?post=22994408"}],"version-history":[{"count":38,"href":"https:\/\/staging.pelichet.ch\/de\/wp-json\/wp\/v2\/pages\/22994408\/revisions"}],"predecessor-version":[{"id":22996435,"href":"https:\/\/staging.pelichet.ch\/de\/wp-json\/wp\/v2\/pages\/22994408\/revisions\/22996435"}],"wp:attachment":[{"href":"https:\/\/staging.pelichet.ch\/de\/wp-json\/wp\/v2\/media?parent=22994408"}],"wp:term":[{"taxonomy":"dipi_cpt_category","embeddable":true,"href":"https:\/\/staging.pelichet.ch\/de\/wp-json\/wp\/v2\/dipi_cpt_category?post=22994408"}],"curies":[{"name":"wp","href":"https:\/\/api.w.org\/{rel}","templated":true}]}}

<p>[et_pb_section fb_built=&#8220;1&#8243; admin_label=&#8220;Hero&#8220; _builder_version=&#8220;4.21.0&#8243; _module_preset=&#8220;986f8486-ddc7-4189-8528-73b7d2f73652&#8243; background_image=&#8220;https://staging.pelichet-relocation.com/wp-content/uploads/2023/07/PELICHET-ACCUEIL-1.jpg&#8220; background_enable_video_mp4=&#8220;off&#8220; global_colors_info=&#8220;{}&#8220;][/et_pb_section][et_pb_section fb_built=&#8220;1&#8243; admin_label=&#8220;Form&#8220; _builder_version=&#8220;4.21.0&#8243; _module_preset=&#8220;default&#8220; global_colors_info=&#8220;{}&#8220;][et_pb_row column_structure=&#8220;1_2,1_2&#8243; _builder_version=&#8220;4.21.0&#8243; _module_preset=&#8220;default&#8220; custom_padding=&#8220;0px||0px||true|false&#8220; global_colors_info=&#8220;{}&#8220;][et_pb_column type=&#8220;1_2&#8243; _builder_version=&#8220;4.21.0&#8243; _module_preset=&#8220;default&#8220; global_colors_info=&#8220;{}&#8220;][et_pb_text _builder_version=&#8220;4.21.0&#8243; _module_preset=&#8220;default&#8220; header_font_size=&#8220;2.81em&#8220; max_width=&#8220;600px&#8220; custom_margin=&#8220;||24px||false|false&#8220; header_font_size_tablet=&#8220;2.81em&#8220; header_font_size_phone=&#8220;2em&#8220; header_line_height_tablet=&#8220;&#8220; header_line_height_phone=&#8220;1.4em&#8220; header_line_height_last_edited=&#8220;on|phone&#8220; header_2_font_size_tablet=&#8220;&#8220; header_2_font_size_phone=&#8220;&#8220; header_2_font_size_last_edited=&#8220;on|desktop&#8220; module_alignment_tablet=&#8220;center&#8220; module_alignment_phone=&#8220;center&#8220; module_alignment_last_edited=&#8220;on|tablet&#8220; global_colors_info=&#8220;{}&#8220;]</p>
<h1>Kontaktieren Sie die Pelichet Gruppe</h1>
<p>[/et_pb_text][et_pb_text _builder_version=&#8220;4.21.0&#8243; _module_preset=&#8220;default&#8220; max_width=&#8220;600px&#8220; module_alignment_tablet=&#8220;center&#8220; module_alignment_phone=&#8220;center&#8220; module_alignment_last_edited=&#8220;on|tablet&#8220; global_colors_info=&#8220;{}&#8220;]</p>
<p>Unsere Expertenteams begleiten und beraten Sie in jeder Phase Ihres internationalen oder nationalen Umzugs. Wir arbeiten mit Unternehmen, Privatpersonen und internationalen Organisationen gleichermassen. Von Ihren persönlichen Gegenständen über Ihre Fahrzeuge bis hin zu Ihren Büros oder Industrieanlagen &#8211; Pelichet hat eine Lösung für Sie, speziell für Sie.</p>
<p>[/et_pb_text][et_pb_blurb title=&#8220;Firmensitz&#8220; _builder_version=&#8220;4.21.0&#8243; _module_preset=&#8220;default&#8220; header_font_size=&#8220;1.5em&#8220; header_line_height=&#8220;1.38em&#8220; body_text_color=&#8220;#333333&#8243; body_font_size=&#8220;1em&#8220; body_line_height=&#8220;1.71em&#8220; body_link_text_color=&#8220;#333333&#8243; background_color=&#8220;#F2F2F2&#8243; max_width=&#8220;600px&#8220; module_alignment=&#8220;left&#8220; custom_margin=&#8220;||||false|false&#8220; custom_padding=&#8220;30px|40px|30px|40px|true|true&#8220; custom_padding_tablet=&#8220;||||true|true&#8220; custom_padding_phone=&#8220;|30px||30px|true|true&#8220; custom_padding_last_edited=&#8220;on|phone&#8220; animation_style=&#8220;fade&#8220; module_alignment_tablet=&#8220;center&#8220; module_alignment_phone=&#8220;center&#8220; module_alignment_last_edited=&#8220;on|desktop&#8220; custom_css_blurb_title=&#8220;margin-bottom: 8px;&#8220; border_radii=&#8220;on|8px|8px|8px|8px&#8220; global_colors_info=&#8220;{}&#8220; body_link_text_color__hover_enabled=&#8220;on|hover&#8220; body_link_text_color__hover=&#8220;&#8220;]</p>
<p>Pelichet NLC SA<br />Chemin de Grenet 25<br />CH 1214 Vernier Schweiz<br />Tel : <a href="tel:+41228278000">+41 22 827 80 00</a><br />Fax : <a href="tel:+41228230818">+41 22 823 08 18</a></p>
<p>[/et_pb_blurb][/et_pb_column][et_pb_column type=&#8220;1_2&#8243; _builder_version=&#8220;4.21.0&#8243; _module_preset=&#8220;default&#8220; custom_padding_tablet=&#8220;24px||||false|false&#8220; custom_padding_phone=&#8220;24px||||false|false&#8220; custom_padding_last_edited=&#8220;on|tablet&#8220; global_colors_info=&#8220;{}&#8220;][dvppl_cf7_styler _builder_version=&#8220;4.25.0&#8243; _module_preset=&#8220;08db5ee5-7b63-4366-9520-af59247bceaf&#8220; cf7=&#8220;22995748&#8243; hover_enabled=&#8220;0&#8243; sticky_enabled=&#8220;0&#8243; admin_label=&#8220;Form A &#8211; Original &#8211; quote_request&#8220;][/dvppl_cf7_styler][/et_pb_column][/et_pb_row][/et_pb_section][et_pb_section fb_built=&#8220;1&#8243; admin_label=&#8220;Agencies&#8220; _builder_version=&#8220;4.21.0&#8243; _module_preset=&#8220;default&#8220; background_color=&#8220;#F2F2F2&#8243; global_module=&#8220;22991330&#8243; global_colors_info=&#8220;{}&#8220;][et_pb_row _builder_version=&#8220;4.21.0&#8243; _module_preset=&#8220;default&#8220; custom_margin=&#8220;||||false|false&#8220; custom_padding=&#8220;0px||||false|false&#8220; global_colors_info=&#8220;{}&#8220;][et_pb_column type=&#8220;4_4&#8243; _builder_version=&#8220;4.21.0&#8243; _module_preset=&#8220;default&#8220; global_colors_info=&#8220;{}&#8220;][et_pb_text _builder_version=&#8220;4.21.0&#8243; _module_preset=&#8220;c03424a2-92b0-4db6-9fa7-e5acc8ed924d&#8220; max_width=&#8220;600px&#8220; module_alignment=&#8220;center&#8220; animation_style=&#8220;fade&#8220; global_colors_info=&#8220;{}&#8220;]</p>
<h2 style="text-align: center;">Finden Sie alle unsere Agenturen</h2>
<p>[/et_pb_text][dipi_carousel container_padding=&#8220;0px||0px||true|false&#8220; show_lightbox=&#8220;off&#8220; navigation=&#8220;on&#8220; dynamic_bullets=&#8220;off&#8220; navigation_prev_icon_yn=&#8220;on&#8220; navigation_prev_icon=&#8220;&#xf104;||fa||900&#8243; navigation_next_icon_yn=&#8220;on&#8220; navigation_next_icon=&#8220;&#xf105;||fa||900&#8243; navigation_color=&#8220;#000000&#8243; navigation_bg_color=&#8220;#FFFFFF&#8220; navigation_circle=&#8220;on&#8220; navigation_position_left=&#8220;-30px&#8220; navigation_position_right=&#8220;-20px&#8220; columns_tablet=&#8220;2&#8243; columns_phone=&#8220;1&#8243; columns_last_edited=&#8220;on|desktop&#8220; navigation_position_left_tablet=&#8220;-20px&#8220; navigation_position_left_phone=&#8220;-20px&#8220; navigation_position_left_last_edited=&#8220;on|phone&#8220; _builder_version=&#8220;4.21.0&#8243; _module_preset=&#8220;default&#8220; animation_style=&#8220;fade&#8220; custom_css_navigation=&#8220;box-shadow: 0 5px 30px #00000020;&#8220; global_colors_info=&#8220;{}&#8220; navigation_color__hover_enabled=&#8220;on|hover&#8220; navigation_color__hover=&#8220;#F27C21&#8243;][dipi_carousel_child label=&#8220;Pelichet NLC SA&#8220; type=&#8220;divi_library&#8220; divi_library_id=&#8220;22991168&#8243; _builder_version=&#8220;4.21.0&#8243; _module_preset=&#8220;default&#8220; custom_padding=&#8220;||||true|true&#8220; global_colors_info=&#8220;{}&#8220;][/dipi_carousel_child][dipi_carousel_child label=&#8220;Pelichet Paris&#8220; type=&#8220;divi_library&#8220; divi_library_id=&#8220;22992951&#8243; _builder_version=&#8220;4.21.0&#8243; _module_preset=&#8220;default&#8220; custom_padding=&#8220;||||true|true&#8220; global_colors_info=&#8220;{}&#8220;][/dipi_carousel_child][dipi_carousel_child label=&#8220;Pelichet Orbe&#8220; type=&#8220;divi_library&#8220; divi_library_id=&#8220;22993431&#8243; _builder_version=&#8220;4.21.0&#8243; _module_preset=&#8220;default&#8220; custom_padding=&#8220;||||true|true&#8220; global_colors_info=&#8220;{}&#8220;][/dipi_carousel_child][dipi_carousel_child label=&#8220;Pelichet Archivage&#8220; type=&#8220;divi_library&#8220; divi_library_id=&#8220;22992969&#8243; _builder_version=&#8220;4.21.0&#8243; _module_preset=&#8220;default&#8220; custom_padding=&#8220;||||true|true&#8220; global_colors_info=&#8220;{}&#8220;][/dipi_carousel_child][dipi_carousel_child label=&#8220;Pelichet Logistique&#8220; type=&#8220;divi_library&#8220; divi_library_id=&#8220;22992978&#8243; _builder_version=&#8220;4.21.0&#8243; _module_preset=&#8220;default&#8220; custom_padding=&#8220;||||true|true&#8220; global_colors_info=&#8220;{}&#8220;][/dipi_carousel_child][dipi_carousel_child label=&#8220;Pelichet Patrimonial&#8220; type=&#8220;divi_library&#8220; divi_library_id=&#8220;22992973&#8243; _builder_version=&#8220;4.21.0&#8243; _module_preset=&#8220;default&#8220; custom_padding=&#8220;||||true|true&#8220; global_colors_info=&#8220;{}&#8220;][/dipi_carousel_child][dipi_carousel_child label=&#8220;Pelichet Garde-meubles&#8220; type=&#8220;divi_library&#8220; divi_library_id=&#8220;22993421&#8243; _builder_version=&#8220;4.21.0&#8243; _module_preset=&#8220;default&#8220; custom_padding=&#8220;||||true|true&#8220; global_colors_info=&#8220;{}&#8220;][/dipi_carousel_child][/dipi_carousel][/et_pb_column][/et_pb_row][/et_pb_section]</p>

<p>Kontaktieren Sie die Pelichet GruppeUnsere Expertenteams begleiten und beraten Sie in jeder Phase Ihres internationalen oder nationalen Umzugs. Wir arbeiten mit Unternehmen, Privatpersonen und internationalen Organisationen gleichermassen. Von Ihren persönlichen Gegenständen über Ihre Fahrzeuge bis hin zu Ihren Büros oder Industrieanlagen &#8211; Pelichet hat eine Lösung für Sie, speziell für Sie.Pelichet NLC SAChemin de Grenet [&hellip;]</p>
